{"id":3951,"date":"2025-07-23T06:23:42","date_gmt":"2025-07-23T06:23:42","guid":{"rendered":"https:\/\/ssv-sandhausen.de\/?page_id=3951"},"modified":"2025-07-23T06:23:42","modified_gmt":"2025-07-23T06:23:42","slug":"rwk-zf-gk-ergebnisse-2025","status":"publish","type":"page","link":"https:\/\/ssv-sandhausen.de\/?page_id=3951","title":{"rendered":"RWK ZF-GK &#8211; Ergebnisse 2025"},"content":{"rendered":"\n<p><\/p>\n\n\n\n<p class=\"has-medium-font-size\"><strong>Endergebnisse der Zentralfeuer Pistole\/Revolver-Runde des Kreis 6 Wiesloch.<\/strong><\/p>\n\n\n\n<p>Von M\u00e4rz bis Juli 2025 wurden insgesamt vier Wettk\u00e4mpe unter den Sch\u00fctzenvereinen des Sportkreises 6 Wiesloch ausgetragen.<br><br>Geschossen wurde nach g\u00fcltiger Sportordnung des Deutschen Sch\u00fctzenbundes mit insgesamt 45 Schuss.<br>Zu Beginn 5 Probesch\u00fcsse.<br>Im Anschluss 4 x 5 Schuss in je 150 Sekunden Pr\u00e4zision.<br>Worauf weitere 20 Wertungssch\u00fcsse mit je 5 Schuss in 20 Sekunden folgten.<br>Hierbei wurden wieder H\u00f6chstergebnisse auf DM Niveau erzielt.<br><br>Die Deutsche Meisterschaft findet hierzu Ende August in M\u00fcnchen statt.<\/p>\n\n\n\n<p><\/p>\n\n\n\n<figure class=\"wp-block-image size-large\"><img decoding=\"async\" src=\"https:\/\/ssv-sandhausen.de\/wp-content\/uploads\/2025\/07\/RWK_ZF_GK_Kreis_6_2025_Tabelle.png\" alt=\"\"\/><\/figure>\n\n\n\n<p><\/p>\n\n\n\n<figure class=\"wp-block-image size-large\"><img decoding=\"async\" src=\"https:\/\/ssv-sandhausen.de\/wp-content\/uploads\/2025\/07\/RWK_ZF_GK_Kreis_6_2025_Einzel.png\" alt=\"\"\/><\/figure>\n\n\n\n<p><\/p>\n\n\n\n<p><\/p>\n","protected":false},"excerpt":{"rendered":"<p>Endergebnisse der Zentralfeuer Pistole\/Revolver-Runde des Kreis 6 Wiesloch. Von M\u00e4rz bis Juli 2025 wurden insgesamt vier Wettk\u00e4mpe unter den Sch\u00fctzenvereinen des Sportkreises 6 Wiesloch ausgetragen. Geschossen wurde nach g\u00fcltiger Sportordnung des Deutschen Sch\u00fctzenbundes mit insgesamt 45 Schuss.Zu Beginn 5 Probesch\u00fcsse.Im Anschluss 4 x 5 Schuss in je 150 Sekunden Pr\u00e4zision.Worauf weitere 20 Wertungssch\u00fcsse mit je &hellip; <a href=\"https:\/\/ssv-sandhausen.de\/?page_id=3951\" class=\"more-link\"><span class=\"screen-reader-text\">\u201eRWK ZF-GK &#8211; Ergebnisse 2025\u201c <\/span>weiterlesen<\/a><\/p>\n","protected":false},"author":4,"featured_media":0,"parent":0,"menu_order":0,"comment_status":"closed","ping_status":"closed","template":"","meta":{"footnotes":""},"class_list":["post-3951","page","type-page","status-publish","hentry"],"_links":{"self":[{"href":"https:\/\/ssv-sandhausen.de\/index.php?rest_route=\/wp\/v2\/pages\/3951","targetHints":{"allow":["GET"]}}],"collection":[{"href":"https:\/\/ssv-sandhausen.de\/index.php?rest_route=\/wp\/v2\/pages"}],"about":[{"href":"https:\/\/ssv-sandhausen.de\/index.php?rest_route=\/wp\/v2\/types\/page"}],"author":[{"embeddable":true,"href":"https:\/\/ssv-sandhausen.de\/index.php?rest_route=\/wp\/v2\/users\/4"}],"replies":[{"embeddable":true,"href":"https:\/\/ssv-sandhausen.de\/index.php?rest_route=%2Fwp%2Fv2%2Fcomments&post=3951"}],"version-history":[{"count":1,"href":"https:\/\/ssv-sandhausen.de\/index.php?rest_route=\/wp\/v2\/pages\/3951\/revisions"}],"predecessor-version":[{"id":3952,"href":"https:\/\/ssv-sandhausen.de\/index.php?rest_route=\/wp\/v2\/pages\/3951\/revisions\/3952"}],"wp:attachment":[{"href":"https:\/\/ssv-sandhausen.de\/index.php?rest_route=%2Fwp%2Fv2%2Fmedia&parent=3951"}],"curies":[{"name":"wp","href":"https:\/\/api.w.org\/{rel}","templated":true}]}}