{"id":3819,"date":"2025-06-28T12:27:38","date_gmt":"2025-06-28T12:27:38","guid":{"rendered":"https:\/\/ssv-sandhausen.de\/?page_id=3819"},"modified":"2025-06-28T12:31:45","modified_gmt":"2025-06-28T12:31:45","slug":"lm-2025-berichte","status":"publish","type":"page","link":"https:\/\/ssv-sandhausen.de\/?page_id=3819","title":{"rendered":"LM 2025 \u2013 Berichte"},"content":{"rendered":"\n<p><\/p>\n\n\n\n<p class=\"has-medium-font-size\"><strong>Artikel Gemeindeblatt <\/strong><\/p>\n\n\n\n<p><strong>Start der Badischen Landesmeisterschaften 2025<\/strong><br><br>Die diesj\u00e4hrigen Badischen Meisterschaften haben begonnen. <br><br><strong>Gerd Korn<\/strong> konnte dabei am 14.\/15. Juni in Pforzheim erneut seine Ausnahmeklasse beweisen und in gleich 4 Disziplinen die Landesmeisterschaft erringen. <br>Er erzielte mit der 9mm Pistole 384 Ringe und mit der Pistole .45 ACP 383 Ringe. Mit dem Revolver .44 Magnum scho\u00df er 382 und mit dem Revolver .357 Magnum 379 Ringe. <br>Wir gratulieren zu diesem tollen Ergebnis und dr\u00fccken ihm schon mal f\u00fcr die im Herbst anstehenden Deutschen Meisterschaften die Daumen.<br><br>Am letzten Wochenende fanden dann die Landesmeisterschaften der Auflagesch\u00fctzen in Ettlingen statt. <br>Petrus meinte es leider etwas zu gut, Temperaturen von 35\u00b0C im Schatten waren zwar f\u00fcr alle Freibadbesucher ideal, stellten aber alle Beteiligten dieser sportlichen Wettk\u00e4mpfe vor gro\u00dfe Herausforderungen.<br> <br>Zus\u00e4tzlich erschwert wurde der Wettkampf f\u00fcr eine ganze Reihe von Sch\u00fctzen durch eine \u00c4nderung in der Sportordnung. <br>Hiervon hatten viele Teilnehmer vorab keine Kenntnis genommen, was bei der vor dem Wettkampf stattfindenden Waffenkontrolle zu zahlreichen Reklamationen und daraus resultierend zu kurzfristigen Anpassungen an den Sportger\u00e4ten f\u00fchrte. <br>Trotz dieser schwierigen Umst\u00e4nde stellten sich alle dem Wettkampf und erzielten beachtliche Ergebnisse, f\u00fcr einen Medaillenplatz reichte es aber diesmal bei unseren Teilnehmern nicht.<br><br>Die Meisterschaften werden an den n\u00e4chsten Wochenenden mit weiteren Disziplinen fortgesetzt. <br><br>Wir dr\u00fccken all unseren teilnehmenden Sch\u00fctzen die Daumen und w\u00fcnschen \u201eGut Schuss\u201c.<\/p>\n\n\n\n<p><\/p>\n\n\n\n<figure class=\"wp-block-image size-large\"><img decoding=\"async\" src=\"https:\/\/ssv-sandhausen.de\/wp-content\/uploads\/2025\/06\/LM2025_Team_Sandhausen.png\" alt=\"\"\/><\/figure>\n\n\n\n<p><\/p>\n\n\n\n<figure class=\"wp-block-image size-large\"><img decoding=\"async\" src=\"https:\/\/ssv-sandhausen.de\/wp-content\/uploads\/2025\/06\/LM2025_Stand.png\" alt=\"\"\/><\/figure>\n\n\n\n<p><\/p>\n\n\n\n<p><\/p>\n","protected":false},"excerpt":{"rendered":"<p>Artikel Gemeindeblatt Start der Badischen Landesmeisterschaften 2025 Die diesj\u00e4hrigen Badischen Meisterschaften haben begonnen. Gerd Korn konnte dabei am 14.\/15. Juni in Pforzheim erneut seine Ausnahmeklasse beweisen und in gleich 4 Disziplinen die Landesmeisterschaft erringen. Er erzielte mit der 9mm Pistole 384 Ringe und mit der Pistole .45 ACP 383 Ringe. Mit dem Revolver .44 Magnum &hellip; <a href=\"https:\/\/ssv-sandhausen.de\/?page_id=3819\" class=\"more-link\"><span class=\"screen-reader-text\">\u201eLM 2025 \u2013 Berichte\u201c <\/span>weiterlesen<\/a><\/p>\n","protected":false},"author":4,"featured_media":0,"parent":0,"menu_order":0,"comment_status":"closed","ping_status":"closed","template":"","meta":{"footnotes":""},"class_list":["post-3819","page","type-page","status-publish","hentry"],"_links":{"self":[{"href":"https:\/\/ssv-sandhausen.de\/index.php?rest_route=\/wp\/v2\/pages\/3819","targetHints":{"allow":["GET"]}}],"collection":[{"href":"https:\/\/ssv-sandhausen.de\/index.php?rest_route=\/wp\/v2\/pages"}],"about":[{"href":"https:\/\/ssv-sandhausen.de\/index.php?rest_route=\/wp\/v2\/types\/page"}],"author":[{"embeddable":true,"href":"https:\/\/ssv-sandhausen.de\/index.php?rest_route=\/wp\/v2\/users\/4"}],"replies":[{"embeddable":true,"href":"https:\/\/ssv-sandhausen.de\/index.php?rest_route=%2Fwp%2Fv2%2Fcomments&post=3819"}],"version-history":[{"count":5,"href":"https:\/\/ssv-sandhausen.de\/index.php?rest_route=\/wp\/v2\/pages\/3819\/revisions"}],"predecessor-version":[{"id":3827,"href":"https:\/\/ssv-sandhausen.de\/index.php?rest_route=\/wp\/v2\/pages\/3819\/revisions\/3827"}],"wp:attachment":[{"href":"https:\/\/ssv-sandhausen.de\/index.php?rest_route=%2Fwp%2Fv2%2Fmedia&parent=3819"}],"curies":[{"name":"wp","href":"https:\/\/api.w.org\/{rel}","templated":true}]}}